38 is divided by v?
49
Let i(s) = 6*s**2 + 137*s - 13. Let y be i(-23). What is the remainder when 215 is divided by (-19)/190 + 311/y?
29
Suppose 0*s = 2*s - 40. Suppose 3*y + 15 = -12. Calculate the remainder when 1/9 - 656/y is divided by s.
13
Let d(y) = 58*y + 12. Calculate the remainder when d(7) is divided by 405/(-45) - (2 + -53).
40
Suppose -l = 5*q - 21 - 18, -5*q + 20 = 0. Let u(c) = -7*c**3 - 203*c**2 + 209*c - 14. Calculate the remainder when l is divided by u(-30).
3
Suppose 8*r - 37*r - 48*r = -107646. What is the remainder when r is divided by 8?
6
Suppose -33*l + 22504 + 21089 = 0. What is the remainder when l is divided by 659?
3
Suppose 4*u + 3*g = 126, -5*u + 244 = -2*g + 75. Suppose 2*b + 19 - 57 = 0, -5*b - 127 = -272*w + 271*w. Calculate the remainder when w is divided by u.
24
Let o = -219 + 161. Let s = o - -66. Calculate the remainder when 15 is divided by s.
7
Let x be (110/33)/(100/(-102) + 1). Let i = 195 - x. Calculate the remainder when 45 is divided by i.
20
Let j(i) = 65*i**2 + 10 + 2 - 19 + 28 - 21*i. What is the remainder when j(1) is divided by 22?
21
Let m(z) = -z**2 - 43*z - 178. Let a be m(-38). Calculate the remainder when a*((-459)/(-18))/3 is divided by 7.
4
Suppose 5*v - 25 = 0, 90 = 5*b - 3*v - 2*v. Let j(r) be the first derivative of -7*r**2/2 - r - 5. Calculate the remainder when b is divided by j(-1).
5
Let s = 90 + -76. Suppose s*z - 2721 = 891. What is the remainder when z is divided by 10?
8
Suppose -2*l - 6 = 0, -h - 2*l + 3*l = -8. Suppose -4*t + p = t - 20, 0 = t - 2*p + h. Let w = -242 + 259. Calculate the remainder when w is divided by t.
2
Let h = -2965 + 2993. Calculate the remainder when (-2)/3 - (-11305)/15 is divided by h.
25
Let x = -249 - -249. Suppose x = 18*j - 12*j - 852. Suppose -3*c = -0*d - 4*d + 135, 4*d = -4*c + 156. Calculate the remainder when j is divided by d.
34
Let n(f) = -f**3 + 2*f**2 + 7*f + 9. Let b be n(4). Suppose -b*s + 6 + 1 = -x, -5 = -x + s. What is the remainder when 47 is divided by x?
7
Let n be -1 + 2 - (-1512)/(-12). Let r be n/(-10)*36/10. Let m = r + -35. Calculate the remainder when 39 is divided by m.
9
Let y = -446 - -449. Suppose -3*f = 4*h - 972, -y*f - 524 - 184 = -3*h. What is the remainder when h is divided by 49?
44
Let z be -11 + 11 - (-8)/(4/(-2)). What is the remainder when -1*(-1 + -57)/(-6 + 8) is divided by 1*z/6 + 338/39?
5
Let j = -2184 - -2310. What is the remainder when 503 is divided by j?
125
Suppose 2*c = -2*p + 598, 9*c - 311 = 8*c - 3*p. What is the remainder when c is divided by 74?
71
Let h(o) = -31*o**2 + 757*o - 14. What is the remainder when h(15) is divided by 93?
88
What is the remainder when 753 is divided by (-30 - -32)/(10/165)?
27
Let g(c) = 6*c**2 - 3*c - 3. Let p = -3 - -1. Let w = 3885 - 3781. What is the remainder when w is divided by g(p)?
23
Let f = -96 - -101. Suppose 3*x - 55 = -f*p, -2*p - x = x - 22. What is the remainder when 25 is divided by p?
3
Let z(p) = -p**3 + 4*p**2 + 7*p - 4. Let r be z(-4). Suppose -2*y - r = -y. Calculate the remainder when (y/14)/((-8)/56) is divided by 17.
14
Let m = 2126 + -2127. Let h = 17 + 10. Let f = m + h. Calculate the remainder when 101 is divided by f.
23
Let s(o) = o**3 - 11*o**2 + 11*o + 1. Let k = -40 - -77. Suppose 5*x - 3*r - k = -0*x, -5*r = -x + 25. What is the remainder when s(10) is divided by x?
1
Let s = 1891 + -1724. Let a(x) = 2*x**2 - 2*x - 6. Calculate the remainder when s is divided by a(-4).
31
Let k = -711 - -715. Suppose 2*x - 4*v = 16, x - 4*x + 20 = -k*v. Calculate the remainder when 16 is divided by x.
0
Let d = -8598 + 8637. Calculate the remainder when 137 is divided by d.
20
Suppose 0 = 5*d + 62 - 172. Suppose 6*g - 14 = d. Calculate the remainder when 22 is divided by g.
4
Let j be (-7)/((-49)/2) + 2760/42. Suppose 41*r - j = 38*r. What is the remainder when r is divided by (6 + 6)/(9/6)?
6
Let v be (-787 - 2)*(-5)/15. Let b = -192 + v. What is the remainder when b is divided by 24?
23
Let u = 4 + -1. Suppose 0 = -4*a + 2*c + 160, -u*a + 134 = c + c. Suppose 3*p - 5*i = a, -8 = 3*i + 1. Calculate the remainder when 25 is divided by p.
7
Suppose 0 = -4*l + 24 - 0. Let m(j) = 5 - j**3 - 9*j + 3 + 8*j**2 - 3. Calculate the remainder when m(l) is divided by 8.
7
Let y = -3 - -32. Let x(t) be the third derivative of t**5/60 - 13*t**4/12 - 10*t**3 - 415*t**2. Calculate the remainder when x(y) is divided by 14.
13
Let c = -47 - -48. Let f be 129/27 + (2/9)/c. Suppose 5*q + 115 = f*p, 6*p - q = 4*p + 43. What is the remainder when 75 is divided by p?
15
Let l(c) = -c**2 - 13*c - 27. Let r be l(-10). Let o be -16 - -16 - -1*39. Suppose -r*u = -123 + o. What is the remainder when 53 is divided by u?
25
Suppose 5*i - 205 = 4*v + 100, -3*v - 15 = 0. Let d = i + -38. Calculate the remainder when 206 is divided by d.
16
Suppose 19*k - 140 = 354. What is the remainder when k is divided by 16?
10
Suppose 2*j + 4 = -0*j, 0 = 2*x + 4*j - 46. Let f(o) = -8*o + 252. What is the remainder when 395 is divided by f(x)?
35
Suppose 8*p + 269 = 12*p - a, -4*p + 272 = -4*a. What is the remainder when 420 is divided by p?
18
Calculate the remainder when 978 is divided by 4/(-6)*480/(-64).
3
Suppose 9029 - 1577 = -23*w. Let t = w + 345. What is the remainder when 439 is divided by t?
19
Let v(u) = -u**2 - 5*u + 136. What is the remainder when 1525 is divided by v(9)?
5
Suppose 2*h - 460 = -4*x - h, -3*h - 548 = -5*x. Let d be (35 - (-1 - -2)) + -2 + -2. What is the remainder when x is divided by 15 + (6/5)/(9/d)?
17
Let h(g) = -g**3 + 6*g**2 + 7*g + 13. Let j(t) = -t**3 + t**2 - 20*t + 7. Let o be j(0). What is the remainder when 168 is divided by h(o)?
12
Calculate the remainder when 257 is divided by 67 - 61 - (-13 - -2).
2
Let l = -120 - -232. What is the remainder when l is divided by (46/(-3))/((-6)/9)?
20
Let b = 4090 + -3994. Calculate the remainder when 253 is divided by b.
61
Let b = -7059 + 7514. Calculate the remainder when b is divided by 14.
7
What is the remainder when 248 is divided by (6 + -10)/(3 - 211/69)?
41
Let p(w) = w**2 - w - 20. Let x be p(6). Suppose x*h = 12*h - 174. Calculate the remainder when h is divided by 5.
2
Suppose 140*i - 26755 - 15105 = 0. Let s(k) = 7*k**2 - 2*k - 2. Calculate the remainder when i is divided by s(-2).
29
Let l be (-56)/(-6)*23/((-1127)/(-42)). What is the remainder when 68 is divided by 5*(l/(-16))/(2/(-8))?
8
Let g be (-1960)/21 - (-2)/6. Let s = g - -119. Calculate the remainder when s is divided by 16.
10
Suppose -2*i = g + 2*g + 191, -4*g = -4*i + 288. Let f = -28 - g. Let c = -21 + f. What is the remainder when 88 is divided by c?
16
Let i be 2/((-400)/(-65) + -6). Suppose i*f = 12*f + 31. Calculate the remainder when f is divided by 24.
7
Suppose 3*g - 229 - 102 = -b, 2*g = -2*b + 654. Suppose -b = -p - 4*p. Suppose 0 = -156*a + 155*a + 34. What is the remainder when p is divided by a?
31
Suppose 33834 + 82986 = 295*o. Calculate the remainder when 407 is divided by o.
11
Let y(d) = -3*d + 32. Let t be (0 - 0)/(-13 + 11). Let k = -126 + 137. Calculate the remainder when y(t) is divided by k.
10
Let k(i) = 695*i - 13164. Calculate the remainder when k(20) is divided by 48.
16
Let t(b) be the third derivative of -11*b**6/60 + b**4/12 + b**3/6 + 12*b**2. Let l be t(-1). What is the remainder when 1161/21 + (-27)/l + 1 is divided by 14?
13
Let t(r) = -19*r + 276. Calculate the remainder when t(-13) is divided by 33.
28
Suppose 0 = -4*t + 4*q + 408, 150 = 6*t - 5*t + 5*q. Calculate the remainder when 2527 is divided by t.
107
Let x be 8/(-8 + 6) - -9. Calculate the remainder when 79 is divided by x/(20/116) + 3.
15
Suppose 3*j = -2*j - 2*n + 202, -j + 3*n + 54 = 0. Let c(z) = -10*z - 21. Let p be c(-5). Let g = p + j. What is the remainder when g is divided by 24?
23
Let j = -36 - -38. Suppose -m = 4*m + 15, -3*d + 12 = -j*m. Suppose 94 = d*z - 0. Calculate the remainder when z is divided by 10.
7
Let o(b) = 2*b**2 + 19*b - 6. Let h(s) = s**2 - 5*s - 16. Suppose 12 = -11*l + 78. Let y be h(l). Calculate the remainder when 6 is divided by o(y).
2
Let a(p) = -44*p**2 - 94*p + 3. What is the remainder when 267 is divided by a(-2)?
12
Let h = -17331 + 17363. Suppose 4*l + 3*n - 1011 = 0, 231 = 2*l + 2*n - 275. What is